 common factor of 3 and 20094847.
1
What is the highest common divisor of 15 and 21171000?
15
Calculate the greatest common divisor of 42092 and 10753268.
2476
What is the highest common divisor of 5273352 and 1512?
504
Calculate the greatest common divisor of 18885761 and 8564.
2141
Calculate the greatest common factor of 167 and 52226745.
167
What is the highest common factor of 1044538 and 154?
22
Calculate the highest common divisor of 58044 and 50862.
42
What is the highest common divisor of 563317624 and 532?
76
What is the greatest common divisor of 67063863 and 29?
29
What is the greatest common factor of 45487 and 6461?
13
Calculate the highest common divisor of 1529912 and 40596.
796
Calculate the highest common factor of 36781030 and 445.
445
What is the greatest common divisor of 27524 and 364?
28
What is the greatest common factor of 2957150 and 294?
98
What is the highest common factor of 84921864 and 96?
24
What is the highest common divisor of 30 and 10283775?
15
Calculate the greatest common divisor of 21784357 and 29876.
679
Calculate the highest common divisor of 568 and 12119416.
568
Calculate the highest common divisor of 35916733 and 10676.
2669
What is the highest common factor of 7705 and 405082?
67
What is the greatest common factor of 1402939 and 24743?
109
What is the highest common divisor of 8406 and 3783762?
18
Calculate the highest common factor of 26230721 and 121.
11
Calculate the highest common divisor of 43456320 and 54.
18
What is the highest common divisor of 917 and 455623?
7
What is the greatest common factor of 255 and 441600?
15
What is the highest common divisor of 6550161 and 15?
3
Calculate the greatest common factor of 2575 and 1170595.
515
Calculate the highest common factor of 5786999 and 1.
1
Calculate the highest common divisor of 2778960 and 4976.
16
Calculate the highest common divisor of 1012471 and 5489.
499
Calculate the highest common divisor of 28114005 and 5610.
255
Calculate the highest common divisor of 58 and 879860.
58
What is the greatest common divisor of 591890 and 3510?
130
Calculate the highest common factor of 417280 and 896.
128
What is the highest common factor of 1731637 and 1258?
629
Calculate the highest common divisor of 624 and 3845296.
208
Calculate the greatest common factor of 474 and 857565777.
237
What is the highest common factor of 57050 and 74025?
175
Calculate the greatest common factor of 10790315 and 57015.
905
Calculate the greatest common divisor of 3081 and 2693223.
39
Calculate the highest common factor of 176730 and 8906160.
1290
What is the greatest common factor of 22579842 and 1737?
579
What is the greatest common divisor of 9264179 and 97?
97
What is the highest common factor of 32 and 6168392?
8
Calculate the greatest common divisor of 702 and 75036.
78
Calculate the highest common divisor of 7667 and 17572313.
451
Calculate the greatest common divisor of 273 and 20199543.
273
What is the highest common divisor of 577716733 and 33?
11
Calculate the highest common factor of 1561 and 228135021.
223
Calculate the greatest common factor of 1175 and 4100515.
235
What is the highest common divisor of 34674590 and 30?
10
What is the highest common factor of 10470 and 1505586?
2094
Calculate the greatest common divisor of 24336 and 4480128.
144
Calculate the greatest common factor of 49062792 and 15484.
316
Calculate the highest common factor of 9637 and 448730.
23
Calculate the greatest common factor of 70488 and 705672.
792
Calculate the greatest common factor of 40 and 7682060.
20
Calculate the greatest common factor of 287204 and 154964.
76
Calculate the greatest common divisor of 108487 and 27756779.
691
Calculate the highest common divisor of 5600705 and 1738.
869
What is the greatest common divisor of 65 and 3176342?
13
Calculate the greatest common factor of 723294 and 14352.
78
What is the highest common factor of 787304 and 8792?
56
Calculate the greatest common divisor of 223888 and 240.
16
What is the greatest common divisor of 1381020 and 1236?
12
What is the greatest common factor of 8206275 and 555?
15
What is the highest common divisor of 74284 and 67663628?
1516
Calculate the highest common divisor of 771 and 7101167.
257
What is the highest common factor of 3936 and 27429?
123
What is the highest common divisor of 19771344 and 432?
432
What is the highest common divisor of 292396 and 19578?
26
Calculate the highest common factor of 13692040 and 80.
40
Calculate the greatest common factor of 10744 and 9588.
68
Calculate the highest common factor of 16148 and 107.
1
What is the highest common divisor of 22444 and 64976?
124
What is the greatest common factor of 1020 and 13746030?
510
Calculate the greatest common divisor of 7581 and 73143.
21
Calculate the highest common factor of 2003413223 and 31.
31
Calculate the greatest common factor of 15466090 and 170.
170
Calculate the greatest common factor of 4633970 and 231085.
2045
What is the greatest common divisor of 732 and 723?
3
What is the highest common divisor of 7298987 and 20528?
1283
What is the highest common factor of 37555 and 11225320?
145
What is the greatest common divisor of 24160 and 59585808?
2416
What is the highest common divisor of 652302 and 49599?
1503
Calculate the greatest common factor of 16784 and 32321788.
4196
Calculate the greatest common factor of 1460 and 247397.
73
Calculate the highest common divisor of 2232 and 11803356.
36
Calculate the highest common divisor of 800808 and 598776.
1464
Calculate the greatest common divisor of 156 and 20863788.
12
Calculate the greatest common divisor of 357653144 and 8.
8
What is the greatest common factor of 16028312 and 102724?
1684
What is the greatest common factor of 21034 and 555854?
26
What is the greatest common divisor of 43312 and 23632?
16
Calculate the greatest common divisor of 7805 and 806966755.
7805
What is the highest common factor of 5035136 and 72?
8
What is the highest common factor of 13888 and 9533120?
1984
What is the highest common factor of 75 and 26755175?
25
Calculate the highest common factor of 29186304 and 24.
24
What is the greatest common factor of 735570 and 20394?
198
What is the greatest common factor of 16383 and 32296354?
5461
Calculate the greatest common divisor of 5216376 and 256.
8
Calculate the greatest common divisor of 335376 and 35836323.
6987
Calculate the highest common divisor of 4600 and 13067450.
1150
What is the highest common divisor of 395391 and 72?
3
Calculate the greatest common factor of 423967 and 179530.
1381
Calculate the highest common factor of 201 and 7824997.
67
Calculate the greatest common divisor of 2880 and 10119110.
10
Calculate the highest common factor of 3225 and 174825.
75
Calculate the greatest common divisor of 7 and 39383036.
7
What is the greatest common factor of 5980 and 1757660?
460
Calculate the highest common factor of 2430310 and 10.
10
Calculate the greatest common divisor of 1542337 and 5085.
113
Calculate the greatest common factor of 5045615 and 793.
61
What is the greatest common factor of 952 and 2337721?
17
What is the greatest common divisor of 2492 and 26747?
7
What is the greatest common factor of 8341568 and 1024?
64
What is the highest common divisor of 2749 and 542622361?
2749
Calculate the highest common factor of 73563 and 121107.
21
What is the highest common divisor of 469 and 7023688?
7
What is the greatest common factor of 630 and 8023386?
42
What is the highest common factor of 379967 and 32445?
721
What is the greatest common divisor of 7617152 and 16?
16
Calculate the greatest common factor of 25405044 and 233856.
2436
Calculate the greatest common factor of 54996 and 45900.
12
Calculate the greatest common factor of 21540 and 3760.
20
Calculate the greatest common divisor of 163436 and 316994.
898
Calculate the greatest common divisor of 20176 and 3806400.
208
Calculate the highest common divisor of 540 and 3204144.
108
What is the highest common divisor of 5620 and 8420?
20
Calculate the greatest common divisor of 520 and 5873420.
20
What is the highest common divisor of 148 and 19979852?
148
What is the highest common factor of 472302 and 96786?
342
What is the highest common factor of 7913 and 7743506?
41
Calculat